(10).
-177
Let f(i) = -22*i - 12. What is f(2)?
-56
Let h(l) = l**3 - 7*l - 375. Calculate h(0).
-375
Let n(k) = -4*k**3 - 20*k**2 + 873*k + 4366. Determine n(-5).
1
Let h(z) = 5*z**2 + 63*z - 371. Determine h(4).
-39
Let d(i) = 4*i**3 - 33*i**2 + 37*i - 226. Calculate d(8).
6
Let w(u) = -2*u**3 - 44*u**2 - 185*u - 6. What is w(-16)?
-118
Let h(f) = 6*f**2 + 97*f + 61. Give h(-15).
-44
Let m(b) = 2*b**3 - 21*b**2 - 37*b + 11. Give m(12).
-1
Let j(n) = -10*n - 93. Determine j(-8).
-13
Let i(q) = -4*q**2 + 97*q - 17. Determine i(24).
7
Let f(a) = -a**2 + 31*a - 45. Give f(12).
183
Let h(z) = 7*z**2 - 14*z - 10. Determine h(-1).
11
Let l(o) = -60*o + 1265. What is l(20)?
65
Let h(t) = t**3 - 10*t**2 - 9*t - 347. Determine h(13).
43
Let y(h) = h**2 + 31*h + 114. Give y(-6).
-36
Let z(u) = -u**3 + 15*u**2 + 9*u + 85. Determine z(12).
625
Let n(o) = 13*o**2 - 217*o + 162. What is n(16)?
18
Let a(n) = n**2 + 2*n + 10. What is a(6)?
58
Let w(k) = -2*k**2 - 34*k + 289. Give w(-20).
169
Let o(p) = p**3 + 50*p**2 + 97*p - 129. Calculate o(-48).
-177
Let x(h) = -1651*h - 39637. Determine x(-24).
-13
Let z(x) = 563*x - 7892. Give z(14).
-10
Let f(o) = -15*o + 349. Give f(24).
-11
Let g(i) = -i**3 + 323*i**2 - 1291*i + 63. Give g(4).
3
Let s(h) = -h**2 + 19*h + 1029. Give s(-24).
-3
Let b(j) = -j + 68. Give b(-16).
84
Let z(a) = -3*a**3 + 216*a**2 - 214*a + 78. What is z(71)?
7
Let t(o) = -o**3 - 17*o**2 - 37*o - 88. What is t(-15)?
17
Let l(o) = -3*o**2 - 55*o + 47. What is l(-20)?
-53
Let h(j) = -3*j**3 - 2*j**2. Give h(3).
-99
Let q(v) = v**3 + 50*v**2 + 52*v + 83. Determine q(-49).
-64
Let r(j) = -75*j**2 + 13*j + 23. Calculate r(-2).
-303
Let a(x) = -1133*x - 11332. What is a(-10)?
-2
Let y(d) = -d**3 + 34*d**2 + 32*d + 39. What is y(35)?
-66
Let y(t) = -6*t - 383. What is y(27)?
-545
Let s(l) = -l**3 + 30*l**2 - 211*l - 174. Give s(14).
8
Let y(a) = 334*a + 2409. Give y(-7).
71
Let w(z) = 2*z**3 - 63*z**2 - 491*z - 126. What is w(38)?
-12
Let r(x) = -x**3 - 8*x**2 - 18*x - 85. What is r(-6)?
-49
Let f(z) = -z**3 + 2*z**2 - 25*z - 618. What is f(-7)?
-2
Let g(y) = y**3 - 34*y**2 + 229*y - 13. Calculate g(9).
23
Let d(o) = 7*o - 22. Calculate d(9).
41
Let q(g) = -14*g - 614. Give q(-35).
-124
Let o(z) = -4*z**3 + 37*z**2 + 76*z - 4. Determine o(11).
-15
Let r(h) = -h**3 - 21*h**2 - 87*h - 35. Calculate r(-15).
-80
Let b(t) = -4*t**3 - 12*t**2 - t + 40. Calculate b(-4).
108
Let j(i) = -71*i**2 + 26*i + 25. What is j(-1)?
-72
Let b(a) = -5*a - 104. Give b(-20).
-4
Let z(t) = 4*t**2 + 163*t - 3712. Calculate z(-57).
-7
Let i(z) = -5975*z + 197182. Calculate i(33).
7
Let u(p) = -p**3 + 22*p**2 - 39*p - 132. Determine u(18).
462
Let a(m) = -11*m**3 + 746*m**2 + 138*m - 147. What is a(68)?
-11
Let z(v) = 45*v - 122. Give z(3).
13
Let i(m) = m**3 + 20*m**2 + 135*m + 323. Give i(-9).
-1
Let s(w) = 6*w**2 + 8*w - 17. What is s(-5)?
93
Let b(t) = -5918*t + 272235. Determine b(46).
7
Let w(d) = -6*d**2 - 47*d + 41. Calculate w(1).
-12
Let d(t) = -t**3 + 18*t**2 + 23*t - 366. Give d(16).
514
Let y(u) = -u**2 - 73*u - 325. What is y(-5)?
15
Let d(s) = s**2 - 20*s + 19. Calculate d(10).
-81
Let h(l) = -18*l**2 - 6*l - 49. Give h(-6).
-661
Let n(d) = 2*d**3 - 194*d**2 - 1019*d - 74. Give n(102).
28
Let f(r) = -r**3 - 98*r**2 - 95*r + 207. What is f(-97)?
13
Let q(x) = 1077*x + 4308. Determine q(-4).
0
Let c(m) = -m**3 + 9*m**2 + 20*m - 10. Determine c(9).
170
Let r(p) = -2*p**2 + 184*p - 1788. Calculate r(11).
-6
Let j(k) = 22*k - 156. What is j(7)?
-2
Let n(u) = u**2 - 90*u + 581. Calculate n(7).
0
Let f(q) = q**2 - 257*q + 16414. What is f(127)?
-96
Let y(r) = r**3 + 49*r**2 - 424*r - 18691. Give y(-50).
9
Let j(z) = -z**2 - 20*z - 105. What is j(-11)?
-6
Let v(r) = -r**3 + 23*r**2 + 18*r + 197. Calculate v(24).
53
Let w(z) = 502*z + 6029. Give w(-12).
5
Let n(f) = 12*f + 42. Calculate n(-5).
-18
Let f(i) = -i**3 - 16*i**2 - 35*i - 85. Calculate f(-14).
13
Let c(h) = h**3 - 41*h**2 - 5*h + 199. Determine c(41).
-6
Let m(s) = s**3 + 19*s**2 + 69*s + 43. Calculate m(-15).
-92
Let w(m) = 181*m - 2380. What is w(13)?
-27
Let o(y) = -159*y + 272. Determine o(2).
-46
Let k(h) = -2*h**2 + 572*h - 8. Determine k(0).
-8
Let v(z) = 3*z - 48. Calculate v(9).
-21
Let h(g) = 4*g**3 - g**2 + 23*g - 97. Give h(4).
235
Let p(n) = n**2 + 38*n + 284. What is p(-43)?
499
Let w(o) = o**2 - 104*o - 826. Calculate w(-8).
70
Let j(s) = -2*s**3 + 103*s**2 + 157*s + 114. What is j(53)?
8
Let o(g) = -417*g - 1253. What is o(-3)?
-2
Let k(x) = -x**2 + 15*x - 239. What is k(8)?
-183
Let c(p) = -18*p + 1060. Determine c(59).
-2
Let c(u) = -891*u - 84630. What is c(-95)?
15
Let c(n) = -4*n + 211. Calculate c(40).
51
Let h(d) = 2*d**2 + 23*d - 30. Calculate h(-9).
-75
Let u(t) = -40*t + 319. Calculate u(4).
159
Let h(f) = -30*f**2 - 14*f - 29. Give h(-4).
-453
Let x(w) = -2*w**3 - 16*w**2 + 33*w - 65. Give x(-10).
5
Let l(v) = -3*v**2 - 39*v + 139. Calculate l(3).
-5
Let r(d) = 36*d + 253. What is r(-9)?
-71
Let m(a) = -a**2 - 17*a - 39. What is m(-9)?
33
Let t(c) = -2*c**3 - 4*c**2 - 25*c - 43. Determine t(-2).
7
Let s(c) = 4*c**2 - 10*c + 18. Calculate s(4).
42
Let f(w) = -w**3 + 24*w**2 + 103*w + 289. What is f(28)?
37
Let p(o) = o**3 - 18*o**2 + 160*o - 2397. Calculate p(17).
34
Let k(j) = j**3 - 26*j**2 + 44*j + 102. What is k(24)?
6
Let b(c) = -9*c**2 + 193*c - 1019. Determine b(12).
1
Let k(y) = 26*y**2 - 6737*y + 765. Calculate k(259).
-12
Let d(l) = -10*l**3 + 7*l**2 + 3*l - 12. Give d(3).
-210
Let v(a) = -2*a**3 - 37*a**2 - 13*a + 136. Calculate v(-18).
46
Let f(d) = d**3 + 57*d**2 + 61*d + 257. Determine f(-56).
-23
Let a(p) = 2*p**2 + 4*p + 18. Give a(8).
178
Let f(d) = -2*d**2 - 3*d + 163. Calculate f(-11).
-46
Let q(i) = i**3 + 27*i**2 + 116*i - 12. What is q(-7)?
156
Let i(d) = d**3 + 97*d**2 - 175*d + 2297. Give i(-99).
20
Let v(c) = 8*c**2 - 72*c - 1966. What is v(21)?
50
Let v(f) = 21*f**2 - 15*f - 33. Give v(-3).
201
Let d(v) = v**2 - 23*v + 94. Determine d(7).
-18
Let g(n) = -11*n**2 - 405*n + 54. Determine g(-37).
-20
Let x(c) = -9*c**2 + 26*c + 65. Give x(6).
-103
Let q(m) = m**3 - 45*m**2 + 229*m + 26. Determine q(6).
-4
Let x(w) = -w**3 - 7*w**2 - 364*w - 3443. Determine x(-9).
-5
Let z(g) = -5*g**2 + 87*g - 527. What is z(5)?
-217
Let d(q) = -9*q**2 + 44*q + 3. Calculate d(4).
35
Let y(c) = c**3 - 201*c**2 + 3937*c + 27. Calculate y(22).
5
Let v(y) = -25*y**2 + 8*y - 8. Calculate v(4).
-376
Let b(v) = v**3 - v**2 - 260*v + 763. Determine b(3).
1
Let w(l) = -l**3 - 33*l**2 - 168*l + 15. What is w(-7)?
-83
Let q(b) = -15*b**2 - 2773*b - 2762. Calculate q(-1).
-4
Let z(g) = 24*g - 2179. What is z(92)?
29
Let q(i) = 22*i + 2890. Determine q(-133).
-36
Let x(g) = -4*g**2 - 117*g + 49. What is x(-30)?
-41
Let r(t) = 25*t + 131. What is r(-6)?
-19
Let z(d) = -3*d**2 + 218*d - 1596. What is z(8)?
-44
Let t(b) = -3035*b - 81949. What is t(-27)?
-4
Let b(c) = 49*c**2 - 36*c - 37. Determine b(-1).
48
Let b(d) = 4*d**2 + 3*d + 1. Determine b(-2).
11
Let f(x) = -352*x + 2086. Determine f(6).
-26
Let f(a) = 2*a**3 - 27*a**2 - 11*a - 119. Determine f(14).
-77
Let b(i) = -109*i - 780. What is b(-11)?
419
Let r(l) = -2*l**2 + 45*l - 223. Calculate r(10).
27
Let x(p) = -18*p**2 + 18*p - 46. Calculate x(3).
-154
Let a(b) = 2*b**3 + 136*b**2 - 3*b - 189. Calculate a(-68).
15
Let d(g) = -61*g + 3312. Calculate d(54).
18
Let b(p) = -46*p + 235. What is b(-11)?
741
Let i(y) = -y**3 + 8*y**2 + 5*y + 10. Give i(8).
50
Let u(g) = g**2 + 6*g - 15. Determine u(2).
1
Let r(f) = 133*f + 1599. Give r(-12).
3
Let z(v) = 49*v + 930. Calculate z(-19).
-1
Let d(p) = 9*p + 92. Calculate d(-8).
20
Let w(d) = -90*d - 284. What is w(-2)?
-104
Let p(z) = -10*z - 175. Give p(-11).
-65
Let h(v) = -2*v**2 + 668*v - 25024. What is h(43)?
2
Let r(c) = 3*c**2 - 141*c + 2. Determine r(0).
2
Let c(l) = l**2 + 37*l - 767. What is c(-53)?
81
Let a(z) = -z**3 + 13*z**2 + 172*z - 74. Give a(21).
10
Let t(g) = -416*g + 22864. Determine t(55).
-16
Let q(y) = 2*y**2 - 177*y + 1355. Give q(80).
-5
Let o(r) = r**2 + 81*r - 1338. Determine o(14).
-8
Let d(k) = -k**3 - k**2 - 21*k + 58. Give d(2).
4
Let l(p) = 183*p**3 + p**2 - 3*p - 3. Calculate l(-1).
-182
Let o(j) = 34*j**2 + 165*j + 3. Give o(-5).
28
Let u(r) = -220*r - 